{"id":30,"date":"2025-10-16T11:41:33","date_gmt":"2025-10-16T11:41:33","guid":{"rendered":"https:\/\/sportpark-ehrenkirchen.de\/?page_id=30"},"modified":"2026-01-14T21:31:47","modified_gmt":"2026-01-14T21:31:47","slug":"ideenworkshop-ergebnisse-beteiligung-zum-sportpark-ehrenkirchen","status":"publish","type":"page","link":"https:\/\/sportpark-ehrenkirchen.de\/?page_id=30","title":{"rendered":"Ideenworkshop"},"content":{"rendered":"\n<div class=\"wp-block-group alignfull has-global-padding is-content-justification-center is-layout-constrained wp-block-group-is-layout-constrained\" style=\"margin-top:0;margin-bottom:0;padding-top:var(--wp--preset--spacing--50);padding-bottom:var(--wp--preset--spacing--50)\">\n<div class=\"wp-block-columns alignwide is-layout-flex wp-container-core-columns-is-layout-47c06fe3 wp-block-columns-is-layout-flex\">\n<div class=\"wp-block-column is-vertically-aligned-center is-layout-flow wp-container-core-column-is-layout-119bc444 wp-block-column-is-layout-flow\">\n<h2 class=\"wp-block-heading\">Einblicke in den Ideen- und Beteiligungsworkshop am 16.\/17. Oktober<\/h2>\n\n\n\n<p class=\"has-text-align-center\"> <img loading=\"lazy\" decoding=\"async\" width=\"800\" height=\"600\" class=\"wp-image-55\" style=\"width: 800px;\" src=\"http:\/\/sportpark-ehrenkirchen.de\/wp-content\/uploads\/2025\/11\/image0.jpeg\" alt=\"\" srcset=\"https:\/\/sportpark-ehrenkirchen.de\/wp-content\/uploads\/2025\/11\/image0.jpeg 1600w, https:\/\/sportpark-ehrenkirchen.de\/wp-content\/uploads\/2025\/11\/image0-300x225.jpeg 300w, https:\/\/sportpark-ehrenkirchen.de\/wp-content\/uploads\/2025\/11\/image0-1024x768.jpeg 1024w, https:\/\/sportpark-ehrenkirchen.de\/wp-content\/uploads\/2025\/11\/image0-768x576.jpeg 768w, https:\/\/sportpark-ehrenkirchen.de\/wp-content\/uploads\/2025\/11\/image0-1536x1152.jpeg 1536w\" sizes=\"auto, (max-width: 800px) 100vw, 800px\" \/><\/p>\n\n\n\n<p class=\"has-text-align-center\">Am 16. und 17. Oktober fand der erste Ideen\u2011 und Beteiligungsworkshop zum Mehrgenerationensportpark Ehrenkirchen statt. Zahlreiche B\u00fcrgerinnen und B\u00fcrger, Jugendliche, Vereinsvertreter und Sportinteressierte teilten ihre Vorstellungen und W\u00fcnsche f\u00fcr die Gestaltung des neuen Sportgel\u00e4ndes.<\/p>\n\n\n\n<p><\/p>\n\n\n\n<p><\/p>\n\n\n\n<h2 class=\"wp-block-heading\">Ergebnisse und W\u00fcnsche aus der Gemeinde<\/h2>\n\n\n\n<p>Besonders h\u00e4ufig wurde der Wunsch nach einer modernen Pumptrack\u2011Anlage, Calisthenics\u2011Bereichen, Ballsportfl\u00e4chen und frei zug\u00e4nglichen Trainingsm\u00f6glichkeiten genannt. Hinzu kamen Ideen zur Infrastruktur wie Schattenbereiche, Sitzgelegenheiten, Wasserspender, Werkzeugstationen, Beleuchtung oder Platz f\u00fcr Foodtrucks.<\/p>\n<\/div>\n<\/div>\n<\/div>\n\n\n\n<figure class=\"wp-block-image size-large\"><img loading=\"lazy\" decoding=\"async\" width=\"1024\" height=\"723\" src=\"https:\/\/sportpark-ehrenkirchen.de\/wp-content\/uploads\/2025\/11\/Priorisierung_Anlagen-1024x723.png\" alt=\"\" class=\"wp-image-58\" srcset=\"https:\/\/sportpark-ehrenkirchen.de\/wp-content\/uploads\/2025\/11\/Priorisierung_Anlagen-1024x723.png 1024w, https:\/\/sportpark-ehrenkirchen.de\/wp-content\/uploads\/2025\/11\/Priorisierung_Anlagen-300x212.png 300w, https:\/\/sportpark-ehrenkirchen.de\/wp-content\/uploads\/2025\/11\/Priorisierung_Anlagen-768x543.png 768w, https:\/\/sportpark-ehrenkirchen.de\/wp-content\/uploads\/2025\/11\/Priorisierung_Anlagen-1536x1085.png 1536w, https:\/\/sportpark-ehrenkirchen.de\/wp-content\/uploads\/2025\/11\/Priorisierung_Anlagen-2048x1447.png 2048w\" sizes=\"auto, (max-width: 1024px) 100vw, 1024px\" \/><figcaption class=\"wp-element-caption\">Stimmen\u00fcbersicht gew\u00fcnschter Anlagen<\/figcaption><\/figure>\n\n\n\n<p><\/p>\n\n\n\n<p><\/p>\n\n\n\n<h2 class=\"wp-block-heading\">Rollsport<\/h2>\n\n\n\n<p>Hohe Priorit\u00e4t bei den TN hat eine attraktive Rollsport-Anlage: ein asphaltierter Pumptrack mit mehreren Lines ist besonders gew\u00fcnscht. Erg\u00e4nzend wurden Dirtjumps in unterschiedlichen Schwierigkeitsgraden sowie Elemente f\u00fcr Inliner, BMX, Skateboard und MTB. Auch eine Flow-line \u00fcber den H\u00fcgel f\u00fcr Laufr\u00e4der wurde benannt.<\/p>\n\n\n\n<h2 class=\"wp-block-heading\">Calistanics<\/h2>\n\n\n\n<p>H\u00e4ufig und sehr detailliert wurde eine Calisthenics &#8211; Anlage beschrieben. Ausgestattet mit Klimmzugstangen in verschiedenen H\u00f6hen, Ringe, Barren sowie einer Box f\u00fcr Trainingsequipment l\u00e4dt diese zum Sporttreiben mit dem eigenen K\u00f6rpergewicht ein.<\/p>\n\n\n\n<h2 class=\"wp-block-heading\">Ballsport<\/h2>\n\n\n\n<p>Ballsportfl\u00e4chen wie Beachvolleyball und Basketball sind wichtig, vor allem Beachvolleyball wird stark nachgefragt. Tisch-tennisplatten runden das Angebot f\u00fcr unterschiedliche Altersgruppen ab. F\u00fcr den Fu\u00dfballverein ist es wichtig, ein weiteres Spielfeld f\u00fcr das Training zur Verf\u00fcgung zu haben. Von Jugendlichen wurde deutlich benannt, dass dieses Feld frei zug\u00e4nglich sein m\u00fcsse.<\/p>\n\n\n\n<h2 class=\"wp-block-heading\">Services und Infrastruktur<\/h2>\n\n\n\n<p>Zentrale Infrastruktur-Elemente (Toiletten, Wasserspender, M\u00fclleimer) wurden sehr hoch bewertet. Zus\u00e4tzliche Services wie Fahrradwerkzeug oder Beleuchtung sind ebenfalls gew\u00fcnscht. Auch Angebote wie Platz f\u00fcr einen&nbsp;Foodtruck, Kaffee-Station, Eis, Getr\u00e4nke und Verpflegung wurden mehrfach benannt.<\/p>\n\n\n\n<h2 class=\"wp-block-heading\">Parkanlage und Aufenthaltsfl\u00e4chen<\/h2>\n\n\n\n<p>Parkanlage und Aufenthaltsfl\u00e4chen mit B\u00e4umen, Schattenpl\u00e4tzen, Chill-Arealen und Tischen\/B\u00e4nken sind wichtig f\u00fcr Erholung und Alltagstauglichkeit. Naschgarten, Barfu\u00dfpfad und Graffiti-Fl\u00e4chen wurden ebenfalls genannt. R\u00fcckzugsorte und \u00fcberdachte Bereiche sind f\u00fcr Nutzer wichtig.<\/p>\n\n\n\n<p><\/p>\n\n\n\n<p><\/p>\n\n\n\n<h2 class=\"wp-block-heading\">Wer hat teilgenommen?<\/h2>\n\n\n\n<figure class=\"wp-block-gallery has-nested-images columns-default is-cropped wp-block-gallery-1 is-layout-flex wp-block-gallery-is-layout-flex\">\n<figure class=\"wp-block-image size-large\"><img loading=\"lazy\" decoding=\"async\" width=\"1024\" height=\"723\" data-id=\"61\" src=\"https:\/\/sportpark-ehrenkirchen.de\/wp-content\/uploads\/2025\/11\/Altersstruktur_TN-1-1024x723.png\" alt=\"\" class=\"wp-image-61\" srcset=\"https:\/\/sportpark-ehrenkirchen.de\/wp-content\/uploads\/2025\/11\/Altersstruktur_TN-1-1024x723.png 1024w, https:\/\/sportpark-ehrenkirchen.de\/wp-content\/uploads\/2025\/11\/Altersstruktur_TN-1-300x212.png 300w, https:\/\/sportpark-ehrenkirchen.de\/wp-content\/uploads\/2025\/11\/Altersstruktur_TN-1-768x543.png 768w, https:\/\/sportpark-ehrenkirchen.de\/wp-content\/uploads\/2025\/11\/Altersstruktur_TN-1-1536x1085.png 1536w, https:\/\/sportpark-ehrenkirchen.de\/wp-content\/uploads\/2025\/11\/Altersstruktur_TN-1-2048x1447.png 2048w\" sizes=\"auto, (max-width: 1024px) 100vw, 1024px\" \/><\/figure>\n\n\n\n<figure class=\"wp-block-image size-large\"><img loading=\"lazy\" decoding=\"async\" width=\"1024\" height=\"724\" data-id=\"63\" src=\"https:\/\/sportpark-ehrenkirchen.de\/wp-content\/uploads\/2025\/11\/Orte_TN-1-1024x724.png\" alt=\"\" class=\"wp-image-63\" srcset=\"https:\/\/sportpark-ehrenkirchen.de\/wp-content\/uploads\/2025\/11\/Orte_TN-1-1024x724.png 1024w, https:\/\/sportpark-ehrenkirchen.de\/wp-content\/uploads\/2025\/11\/Orte_TN-1-300x212.png 300w, https:\/\/sportpark-ehrenkirchen.de\/wp-content\/uploads\/2025\/11\/Orte_TN-1-768x543.png 768w, https:\/\/sportpark-ehrenkirchen.de\/wp-content\/uploads\/2025\/11\/Orte_TN-1-1536x1085.png 1536w, https:\/\/sportpark-ehrenkirchen.de\/wp-content\/uploads\/2025\/11\/Orte_TN-1-2048x1447.png 2048w\" sizes=\"auto, (max-width: 1024px) 100vw, 1024px\" \/><\/figure>\n<\/figure>\n\n\n\n<figure class=\"wp-block-gallery has-nested-images columns-default is-cropped wp-block-gallery-2 is-layout-flex wp-block-gallery-is-layout-flex\"><\/figure>\n\n\n\n<figure class=\"wp-block-image size-large\"><img loading=\"lazy\" decoding=\"async\" width=\"1024\" height=\"723\" src=\"https:\/\/sportpark-ehrenkirchen.de\/wp-content\/uploads\/2025\/11\/Unknown-4-1024x723.png\" alt=\"\" class=\"wp-image-68\" srcset=\"https:\/\/sportpark-ehrenkirchen.de\/wp-content\/uploads\/2025\/11\/Unknown-4-1024x723.png 1024w, https:\/\/sportpark-ehrenkirchen.de\/wp-content\/uploads\/2025\/11\/Unknown-4-300x212.png 300w, https:\/\/sportpark-ehrenkirchen.de\/wp-content\/uploads\/2025\/11\/Unknown-4-768x543.png 768w, https:\/\/sportpark-ehrenkirchen.de\/wp-content\/uploads\/2025\/11\/Unknown-4-1536x1085.png 1536w, https:\/\/sportpark-ehrenkirchen.de\/wp-content\/uploads\/2025\/11\/Unknown-4-2048x1447.png 2048w\" sizes=\"auto, (max-width: 1024px) 100vw, 1024px\" \/><\/figure>\n\n\n\n<p><\/p>\n\n\n\n<p><\/p>\n\n\n\n<h2 class=\"wp-block-heading\">Bedeutung der Beteiligung f\u00fcr das Projekt<\/h2>\n\n\n\n<p><\/p>\n\n\n\n<p>Die gemeinsame Planung stellt sicher, dass der Sportpark zu einem echten Ort f\u00fcr alle wird. Die Ergebnisse des Workshops flie\u00dfen direkt in die weitere Konzeption und dienen als Grundlage f\u00fcr F\u00f6rderantr\u00e4ge sowie die sp\u00e4tere Umsetzung.<\/p>\n\n\n\n<p><\/p>\n","protected":false},"excerpt":{"rendered":"<p>Einblicke in den Ideen- und Beteiligungsworkshop am 16.\/17. Oktober Am 16. und 17. Oktober fand der erste Ideen\u2011 und Beteiligungsworkshop zum Mehrgenerationensportpark Ehrenkirchen statt. Zahlreiche B\u00fcrgerinnen und B\u00fcrger, Jugendliche, Vereinsvertreter und Sportinteressierte teilten ihre Vorstellungen und W\u00fcnsche f\u00fcr die Gestaltung des neuen Sportgel\u00e4ndes. Ergebnisse und W\u00fcnsche aus der Gemeinde Besonders h\u00e4ufig wurde der Wunsch nach [&hellip;]<\/p>\n","protected":false},"author":2,"featured_media":0,"parent":0,"menu_order":0,"comment_status":"closed","ping_status":"closed","template":"","meta":{"footnotes":""},"class_list":["post-30","page","type-page","status-publish","hentry"],"yoast_head":"<!-- This site is optimized with the Yoast SEO plugin v26.7 - https:\/\/yoast.com\/wordpress\/plugins\/seo\/ -->\n<title>Ideenworkshop - Mehrgenerationensportpark Ehrenkirchen<\/title>\n<meta name=\"description\" content=\"Zusammenfassung des Ideen- und Beteiligungsworkshops f\u00fcr den Mehrgenerationensportpark Ehrenkirchen: W\u00fcnsche der B\u00fcrger, Anlagenideen und n\u00e4chste Schritte im Projekt.\" \/>\n<meta name=\"robots\" content=\"index, follow, max-snippet:-1, max-image-preview:large, max-video-preview:-1\" \/>\n<link rel=\"canonical\" href=\"https:\/\/sportpark-ehrenkirchen.de\/?page_id=30\" \/>\n<meta property=\"og:locale\" content=\"de_DE\" \/>\n<meta property=\"og:type\" content=\"article\" \/>\n<meta property=\"og:title\" content=\"Ideenworkshop - Mehrgenerationensportpark Ehrenkirchen\" \/>\n<meta property=\"og:description\" content=\"Zusammenfassung des Ideen- und Beteiligungsworkshops f\u00fcr den Mehrgenerationensportpark Ehrenkirchen: W\u00fcnsche der B\u00fcrger, Anlagenideen und n\u00e4chste Schritte im Projekt.\" \/>\n<meta property=\"og:url\" content=\"https:\/\/sportpark-ehrenkirchen.de\/?page_id=30\" \/>\n<meta property=\"og:site_name\" content=\"Mehrgenerationensportpark Ehrenkirchen\" \/>\n<meta property=\"article:modified_time\" content=\"2026-01-14T21:31:47+00:00\" \/>\n<meta property=\"og:image\" content=\"https:\/\/sportpark-ehrenkirchen.de\/wp-content\/uploads\/2025\/11\/image0.jpeg\" \/>\n\t<meta property=\"og:image:width\" content=\"1600\" \/>\n\t<meta property=\"og:image:height\" content=\"1200\" \/>\n\t<meta property=\"og:image:type\" content=\"image\/jpeg\" \/>\n<meta name=\"twitter:card\" content=\"summary_large_image\" \/>\n<meta name=\"twitter:label1\" content=\"Gesch\u00e4tzte Lesezeit\" \/>\n\t<meta name=\"twitter:data1\" content=\"3\u00a0Minuten\" \/>\n<script type=\"application\/ld+json\" class=\"yoast-schema-graph\">{\"@context\":\"https:\/\/schema.org\",\"@graph\":[{\"@type\":\"WebPage\",\"@id\":\"https:\/\/sportpark-ehrenkirchen.de\/?page_id=30\",\"url\":\"https:\/\/sportpark-ehrenkirchen.de\/?page_id=30\",\"name\":\"Ideenworkshop - Mehrgenerationensportpark Ehrenkirchen\",\"isPartOf\":{\"@id\":\"https:\/\/sportpark-ehrenkirchen.de\/#website\"},\"primaryImageOfPage\":{\"@id\":\"https:\/\/sportpark-ehrenkirchen.de\/?page_id=30#primaryimage\"},\"image\":{\"@id\":\"https:\/\/sportpark-ehrenkirchen.de\/?page_id=30#primaryimage\"},\"thumbnailUrl\":\"http:\/\/sportpark-ehrenkirchen.de\/wp-content\/uploads\/2025\/11\/image0.jpeg\",\"datePublished\":\"2025-10-16T11:41:33+00:00\",\"dateModified\":\"2026-01-14T21:31:47+00:00\",\"description\":\"Zusammenfassung des Ideen- und Beteiligungsworkshops f\u00fcr den Mehrgenerationensportpark Ehrenkirchen: W\u00fcnsche der B\u00fcrger, Anlagenideen und n\u00e4chste Schritte im Projekt.\",\"breadcrumb\":{\"@id\":\"https:\/\/sportpark-ehrenkirchen.de\/?page_id=30#breadcrumb\"},\"inLanguage\":\"de\",\"potentialAction\":[{\"@type\":\"ReadAction\",\"target\":[\"https:\/\/sportpark-ehrenkirchen.de\/?page_id=30\"]}]},{\"@type\":\"ImageObject\",\"inLanguage\":\"de\",\"@id\":\"https:\/\/sportpark-ehrenkirchen.de\/?page_id=30#primaryimage\",\"url\":\"https:\/\/sportpark-ehrenkirchen.de\/wp-content\/uploads\/2025\/11\/image0.jpeg\",\"contentUrl\":\"https:\/\/sportpark-ehrenkirchen.de\/wp-content\/uploads\/2025\/11\/image0.jpeg\",\"width\":1600,\"height\":1200},{\"@type\":\"BreadcrumbList\",\"@id\":\"https:\/\/sportpark-ehrenkirchen.de\/?page_id=30#breadcrumb\",\"itemListElement\":[{\"@type\":\"ListItem\",\"position\":1,\"name\":\"Start\",\"item\":\"https:\/\/sportpark-ehrenkirchen.de\/\"},{\"@type\":\"ListItem\",\"position\":2,\"name\":\"Ideenworkshop\"}]},{\"@type\":\"WebSite\",\"@id\":\"https:\/\/sportpark-ehrenkirchen.de\/#website\",\"url\":\"https:\/\/sportpark-ehrenkirchen.de\/\",\"name\":\"Mehrgenerationensportpark Ehrenkirchen\",\"description\":\"ein Mehrgenerationen Sportplatz f\u00fcr Ehrenkirchen\",\"publisher\":{\"@id\":\"https:\/\/sportpark-ehrenkirchen.de\/#organization\"},\"potentialAction\":[{\"@type\":\"SearchAction\",\"target\":{\"@type\":\"EntryPoint\",\"urlTemplate\":\"https:\/\/sportpark-ehrenkirchen.de\/?s={search_term_string}\"},\"query-input\":{\"@type\":\"PropertyValueSpecification\",\"valueRequired\":true,\"valueName\":\"search_term_string\"}}],\"inLanguage\":\"de\"},{\"@type\":\"Organization\",\"@id\":\"https:\/\/sportpark-ehrenkirchen.de\/#organization\",\"name\":\"Mehrgenerationensportpark Ehrenkirchen\",\"url\":\"https:\/\/sportpark-ehrenkirchen.de\/\",\"logo\":{\"@type\":\"ImageObject\",\"inLanguage\":\"de\",\"@id\":\"https:\/\/sportpark-ehrenkirchen.de\/#\/schema\/logo\/image\/\",\"url\":\"http:\/\/sportpark-ehrenkirchen.de\/wp-content\/uploads\/2025\/10\/ehrenkirchen_view_2-1024x339.png\",\"contentUrl\":\"http:\/\/sportpark-ehrenkirchen.de\/wp-content\/uploads\/2025\/10\/ehrenkirchen_view_2-1024x339.png\",\"width\":1024,\"height\":339,\"caption\":\"Mehrgenerationensportpark Ehrenkirchen\"},\"image\":{\"@id\":\"https:\/\/sportpark-ehrenkirchen.de\/#\/schema\/logo\/image\/\"}}]}<\/script>\n<!-- \/ Yoast SEO plugin. -->","yoast_head_json":{"title":"Ideenworkshop - Mehrgenerationensportpark Ehrenkirchen","description":"Zusammenfassung des Ideen- und Beteiligungsworkshops f\u00fcr den Mehrgenerationensportpark Ehrenkirchen: W\u00fcnsche der B\u00fcrger, Anlagenideen und n\u00e4chste Schritte im Projekt.","robots":{"index":"index","follow":"follow","max-snippet":"max-snippet:-1","max-image-preview":"max-image-preview:large","max-video-preview":"max-video-preview:-1"},"canonical":"https:\/\/sportpark-ehrenkirchen.de\/?page_id=30","og_locale":"de_DE","og_type":"article","og_title":"Ideenworkshop - Mehrgenerationensportpark Ehrenkirchen","og_description":"Zusammenfassung des Ideen- und Beteiligungsworkshops f\u00fcr den Mehrgenerationensportpark Ehrenkirchen: W\u00fcnsche der B\u00fcrger, Anlagenideen und n\u00e4chste Schritte im Projekt.","og_url":"https:\/\/sportpark-ehrenkirchen.de\/?page_id=30","og_site_name":"Mehrgenerationensportpark Ehrenkirchen","article_modified_time":"2026-01-14T21:31:47+00:00","og_image":[{"width":1600,"height":1200,"url":"https:\/\/sportpark-ehrenkirchen.de\/wp-content\/uploads\/2025\/11\/image0.jpeg","type":"image\/jpeg"}],"twitter_card":"summary_large_image","twitter_misc":{"Gesch\u00e4tzte Lesezeit":"3\u00a0Minuten"},"schema":{"@context":"https:\/\/schema.org","@graph":[{"@type":"WebPage","@id":"https:\/\/sportpark-ehrenkirchen.de\/?page_id=30","url":"https:\/\/sportpark-ehrenkirchen.de\/?page_id=30","name":"Ideenworkshop - Mehrgenerationensportpark Ehrenkirchen","isPartOf":{"@id":"https:\/\/sportpark-ehrenkirchen.de\/#website"},"primaryImageOfPage":{"@id":"https:\/\/sportpark-ehrenkirchen.de\/?page_id=30#primaryimage"},"image":{"@id":"https:\/\/sportpark-ehrenkirchen.de\/?page_id=30#primaryimage"},"thumbnailUrl":"http:\/\/sportpark-ehrenkirchen.de\/wp-content\/uploads\/2025\/11\/image0.jpeg","datePublished":"2025-10-16T11:41:33+00:00","dateModified":"2026-01-14T21:31:47+00:00","description":"Zusammenfassung des Ideen- und Beteiligungsworkshops f\u00fcr den Mehrgenerationensportpark Ehrenkirchen: W\u00fcnsche der B\u00fcrger, Anlagenideen und n\u00e4chste Schritte im Projekt.","breadcrumb":{"@id":"https:\/\/sportpark-ehrenkirchen.de\/?page_id=30#breadcrumb"},"inLanguage":"de","potentialAction":[{"@type":"ReadAction","target":["https:\/\/sportpark-ehrenkirchen.de\/?page_id=30"]}]},{"@type":"ImageObject","inLanguage":"de","@id":"https:\/\/sportpark-ehrenkirchen.de\/?page_id=30#primaryimage","url":"https:\/\/sportpark-ehrenkirchen.de\/wp-content\/uploads\/2025\/11\/image0.jpeg","contentUrl":"https:\/\/sportpark-ehrenkirchen.de\/wp-content\/uploads\/2025\/11\/image0.jpeg","width":1600,"height":1200},{"@type":"BreadcrumbList","@id":"https:\/\/sportpark-ehrenkirchen.de\/?page_id=30#breadcrumb","itemListElement":[{"@type":"ListItem","position":1,"name":"Start","item":"https:\/\/sportpark-ehrenkirchen.de\/"},{"@type":"ListItem","position":2,"name":"Ideenworkshop"}]},{"@type":"WebSite","@id":"https:\/\/sportpark-ehrenkirchen.de\/#website","url":"https:\/\/sportpark-ehrenkirchen.de\/","name":"Mehrgenerationensportpark Ehrenkirchen","description":"ein Mehrgenerationen Sportplatz f\u00fcr Ehrenkirchen","publisher":{"@id":"https:\/\/sportpark-ehrenkirchen.de\/#organization"},"potentialAction":[{"@type":"SearchAction","target":{"@type":"EntryPoint","urlTemplate":"https:\/\/sportpark-ehrenkirchen.de\/?s={search_term_string}"},"query-input":{"@type":"PropertyValueSpecification","valueRequired":true,"valueName":"search_term_string"}}],"inLanguage":"de"},{"@type":"Organization","@id":"https:\/\/sportpark-ehrenkirchen.de\/#organization","name":"Mehrgenerationensportpark Ehrenkirchen","url":"https:\/\/sportpark-ehrenkirchen.de\/","logo":{"@type":"ImageObject","inLanguage":"de","@id":"https:\/\/sportpark-ehrenkirchen.de\/#\/schema\/logo\/image\/","url":"http:\/\/sportpark-ehrenkirchen.de\/wp-content\/uploads\/2025\/10\/ehrenkirchen_view_2-1024x339.png","contentUrl":"http:\/\/sportpark-ehrenkirchen.de\/wp-content\/uploads\/2025\/10\/ehrenkirchen_view_2-1024x339.png","width":1024,"height":339,"caption":"Mehrgenerationensportpark Ehrenkirchen"},"image":{"@id":"https:\/\/sportpark-ehrenkirchen.de\/#\/schema\/logo\/image\/"}}]}},"_links":{"self":[{"href":"https:\/\/sportpark-ehrenkirchen.de\/index.php?rest_route=\/wp\/v2\/pages\/30","targetHints":{"allow":["GET"]}}],"collection":[{"href":"https:\/\/sportpark-ehrenkirchen.de\/index.php?rest_route=\/wp\/v2\/pages"}],"about":[{"href":"https:\/\/sportpark-ehrenkirchen.de\/index.php?rest_route=\/wp\/v2\/types\/page"}],"author":[{"embeddable":true,"href":"https:\/\/sportpark-ehrenkirchen.de\/index.php?rest_route=\/wp\/v2\/users\/2"}],"replies":[{"embeddable":true,"href":"https:\/\/sportpark-ehrenkirchen.de\/index.php?rest_route=%2Fwp%2Fv2%2Fcomments&post=30"}],"version-history":[{"count":7,"href":"https:\/\/sportpark-ehrenkirchen.de\/index.php?rest_route=\/wp\/v2\/pages\/30\/revisions"}],"predecessor-version":[{"id":77,"href":"https:\/\/sportpark-ehrenkirchen.de\/index.php?rest_route=\/wp\/v2\/pages\/30\/revisions\/77"}],"wp:attachment":[{"href":"https:\/\/sportpark-ehrenkirchen.de\/index.php?rest_route=%2Fwp%2Fv2%2Fmedia&parent=30"}],"curies":[{"name":"wp","href":"https:\/\/api.w.org\/{rel}","templated":true}]}}